ed by x?
8
Suppose -5*w - 27 = -532. What is the remainder when w is divided by 26?
23
Suppose 3 = 3*j - 3. Suppose -j*g - 19 = -n, 3*n + 15 = 3*g - 5*g. What is the remainder when (12/g)/((-2)/39) is divided by 14?
12
Let i be (-5 + 32)/(3/9). Suppose -3*z = -273 + i. Calculate the remainder when z is divided by 22.
20
Let b = 54 - 83. Let s = -11 - b. Let l = -24 + 34. Calculate the remainder when s is divided by l.
8
Suppose 2*f = 5*f + q - 17, -2*f = 3*q - 16. Calculate the remainder when f is divided by 2.
1
Suppose p = -p + 2. Suppose 0 = -3*z - 4 + 7. Calculate the remainder when p is divided by z.
0
Let u(n) = n**3 - 2*n**2 + n - 2. Suppose 5*w = 10 + 5. What is the remainder when 37 is divided by u(w)?
7
Calculate the remainder when 4/(-14) - 260/(-28) is divided by 2.
1
Let f(i) = -i**3 + 4*i**2 - i - 3. Let c be f(3). Suppose -3*r = p - 8, r = -0 - c. Calculate the remainder when 33 is divided by p.
16
Let i(s) = 4*s**2 - 7*s - 2. What is the remainder when i(-3) is divided by 19?
17
Suppose 0 = o + 2*o - 78. Calculate the remainder when o is divided by 9.
8
Let k(r) = r**3 - r**2 - 5*r + 4. Let q = -5 + 10. Suppose 4*b - q*b + 3 = 0. Calculate the remainder when 25 is divided by k(b).
4
Let d be (-2)/2 + 56/2. Suppose u - d = -4*v, 4*v - 28 - 4 = 4*u. Calculate the remainder when ((-720)/54)/(4/(-6)) is divided by v.
6
Suppose 0 = -9*l + 21 + 96. Calculate the remainder when 49 is divided by l.
10
Let y = 26 - 36. Let v be (0 - -1)/(y/(-30)). Suppose 64 = 5*a + 2*h, 0 = -2*a + 3*a - v*h - 6. What is the remainder when 47 is divided by a?
11
Suppose -131 = -2*s - 5. Calculate the remainder when s is divided by 8.
7
Let i be (0 - 1)*(2 + -45). Suppose 3*d = 6*d + 42. Let c = d + i. What is the remainder when c is divided by 10?
9
Suppose 56 = 4*w - 3*w. What is the remainder when w is divided by 19?
18
Let i(s) = s**2 + 8*s - 7. Let d be i(-9). Let n(w) = -11*w**3 - 2*w**2 - 2*w - 1. What is the remainder when (d + (1 - 2))*29 is divided by n(-1)?
9
Suppose -2*h - 2*a = 3*a - 58, -70 = -3*h + a. What is the remainder when 68 is divided by h?
20
Let p = 31 + -18. What is the remainder when 49 is divided by p?
10
Calculate the remainder when (-3 - 108)/(24/(-16)) is divided by 16.
10
Suppose 0*a = -2*a + 2. Suppose 2*k = k. Suppose b = 5*d - 4, d + 4*b + k*b - 5 = 0. What is the remainder when d is divided by a?
0
Let o be ((-2)/(-3))/1*66. Let c = o + -23. Calculate the remainder when c is divided by 12.
9
Suppose -5*q + 56 = -q. Suppose 0 = -2*x + 4*x - 8. Calculate the remainder when (-2)/x + (-220)/(-8) is divided by q.
13
Let a(t) = t - 3. Let c be a(7). Suppose -3*p - 4*x + 20 = p, c*p - 4*x - 44 = 0. Calculate the remainder when 13 is divided by p.
5
Calculate the remainder when (-148)/3*((-9)/(-6) - 3) is divided by 25.
24
Let r = 1 + -2. Let m be (r/(-2))/(5/60). Suppose -3*d + 4*g + 14 = 0, 0 = d - g - m. Calculate the remainder when 27 is divided by d.
7
Let v(p) = -11*p - 18. What is the remainder when 109 is divided by v(-5)?
35
Suppose -4*n - 322 = -m - 2*m, m - 114 = -2*n. Calculate the remainder when m is divided by 28.
26
Let i(f) = -f**3 + 3*f**2 + 3*f + 1. Calculate the remainder when 130/3 + 38/57 is divided by i(-2).
14
What is the remainder when 37 is divided by 370/20 + (-2)/(-4)?
18
Let j = -22 + 7. What is the remainder when (-162)/15*100/j is divided by 25?
22
Suppose -3*j - j + 172 = 0. Calculate the remainder when j is divided by 1 + 42*2/4.
21
Let m = 27 + -15. What is the remainder when (-2)/(-6) - (-296)/m is divided by 7?
4
Let n = -127 - -139. What is the remainder when 275 is divided by n?
11
Let a(t) = 23*t - 6. Suppose 4*z - 86 = 42. Calculate the remainder when a(3) is divided by z.
31
Let u(c) = -8*c + 2. Let z(o) = -o**2 + 6*o - 1. Let k be z(4). Suppose -5*i = -s + k, -3*s + 53 = i + 16. What is the remainder when u(-4) is divided by s?
10
Let h(o) = o**2 - 11*o - 7. Let m be h(11). Let c(k) = -2*k - 8. What is the remainder when 17 is divided by c(m)?
5
Suppose u + u - 40 = 0. Suppose 2*z - 3*o - 31 = 2*o, -o + 33 = z. What is the remainder when u is divided by (z/(-6))/((-4)/6)?
6
Let x(s) be the third derivative of 0 + s**3 + 5/24*s**4 + 1/60*s**5 + 0*s + s**2. Calculate the remainder when 11 is divided by x(-5).
5
Calculate the remainder when 61 - (-1 + -2 + 5 + -1) is divided by 21.
18
Let k = 859 - 511. Suppose 0 = -0*s + 2*s - k. Suppose 4*b - 5*q - s = 0, b - 63 + 15 = -q. Calculate the remainder when b is divided by 16.
14
Let b(t) = -2*t**2 + 2 + 0*t**3 + t**3 + 0 + 2 + 4*t. Calculate the remainder when b(5) is divided by 25.
24
Let i(a) = a**2 - 8*a - 7. Let l be i(8). Let c(r) = -r**3 - 6*r**2 + 3*r + 2. What is the remainder when c(l) is divided by 1*6 - (-3 + 1)?
6
Let q = 16 + -11. Suppose -2*m + 7*m - 140 = -q*l, -12 = -3*m. Suppose 6*t = t + v + 65, 3*v = 0. Calculate the remainder when l is divided by t.
11
Let c(u) = u**2 - 2*u - 10. Let v(y) = -y**3 + 9*y**2 - 6*y. Calculate the remainder when v(6) is divided by c(7).
22
Suppose -z + 12 = -5*c + 3*c, 4*c + 30 = 3*z. Calculate the remainder when 19 is divided by z.
1
Let d(a) = -3*a - 1. Let l be d(-2). Suppose 5*p = -l*j, -5*p + j + 4 = -8. Suppose 18*v = 48 - 12. Calculate the remainder when p is divided by v.
0
Let i = 92 - 63. What is the remainder when 114 is divided by i?
27
Let w(g) = -85*g. Let r be w(-1). Suppose -3*a = 5*c - r, -18 - 23 = -4*c + 3*a. Calculate the remainder when 41 is divided by c.
13
Let b be (3/1 - -115) + 0. Suppose -3*g + 2 = 4*f - b, 5*f + g - 161 = 0. Suppose 0 = -3*l - 3 + 54. Calculate the remainder when f is divided by l.
16
Suppose 4*i = -3*m - 2*m + 33, 4*m - 14 = 3*i. What is the remainder when 13 is divided by m?
3
Let n = -23 + 42. Calculate the remainder when 174/9*3 - 2 is divided by n.
18
Suppose 0 = -3*w + 3*u + 33, -3*u = w + w - 42. Let p = 5 - 1. What is the remainder when w is divided by p?
3
Let x(r) = 5*r - 1. Suppose -5*v + 26 = 1. What is the remainder when x(2) is divided by v?
4
Let v(r) = -r + 14. What is the remainder when v(-20) is divided by (-1 - -2)/(2/18)?
7
Let c = 173 + -162. Calculate the remainder when 32 is divided by c.
10
Suppose -5*a = 18 + 2. Calculate the remainder when (-1)/((-1)/26)*1 is divided by (a - -5)*(14 - 0).
12
Let b = 41 - 19. Suppose -3*t - 45 = -4*q, 2*q + 3*t = 3*q - 9. What is the remainder when b is divided by q?
10
Suppose 2*m - 132 - 2 = 0. Suppose 2*a = -2*b + 3*a + 46, -b = 2*a - 23. What is the remainder when m is divided by b?
21
Let l(h) = -h**3 - 5*h**2 + 4*h + 1. Calculate the remainder when l(-6) is divided by 5.
3
Suppose -n + 5*n - 3*g - 287 = 0, -g = -4*n + 293. Let b = n + -48. Let p = 12 + -3. What is the remainder when b is divided by p?
8
Suppose 141 + 207 = 2*t. What is the remainder when t is divided by 22?
20
Suppose -z + b = z + 123, -4*b + 182 = -3*z. Let a = 34 + z. Calculate the remainder when ((-312)/a)/((-2)/(-14)) is divided by 20.
18
Let q be (-11)/(-5) - (-2)/(-10). Let c(f) = 2*f - 2. Let y be c(q). Calculate the remainder when 20/(-3*y/(-12)) is divided by 14.
12
Suppose -2*g + 77 = 3*z + 2*g, 0 = -5*z - 3*g + 121. Let p(n) = -3*n + 57. What is the remainder when z is divided by p(15)?
11
Suppose -126 = -2*w + 5*i, 216 = 4*w + i - 2*i. Calculate the remainder when w is divided by 14.
11
Suppose 2*t - 6*t + 24 = 0. Calculate the remainder when 21 is divided by t.
3
Let v be -2*((-9)/2 - -1). Suppose -i + 3 + v = 0. Calculate the remainder when i is divided by (-16)/(-3) - 4/(-6).
4
Let g(f) = 7*f**2 + 4*f + 2. Suppose -z = 4*v - 5*v - 29, 3*z + 5*v = 79. What is the remainder when g(-3) is divided by z?
25
Let l be (-2 - 6/1)*-1. Let n = l - -17. Suppose 17*m - 36 = 13*m. What is the remainder when n is divided by m?
7
Let s = 190 - 187. Calculate the remainder when ((-32)/6)/(-2)*3 is divided by s.
2
Suppose 3*z + 261 = 3*v + 30, -3*v - 3*z + 219 = 0. Calculate the remainder when v is divided by 26.
23
Let d be -7 + (2*-3)/3. Let r = d - -13. Suppose 0 = -t + 1 + 1, r*t - 22 = -f. Calculate the remainder when f is divided by 5.
4
Suppose 4*r - 64 = -4*w, 17 = r - 2*w + 1. What is the remainder when 126/4 + (-6)/4 is divided by r?
14
Let t = -22 + 27. Calculate the remainder when 8 is divided by t.
3
Suppo